019?
45850019
What are the prime factors of 187933717?
29, 97, 66809
What are the prime factors of 77816303?
6029, 12907
List the prime factors of 183921633.
3, 7, 67, 43573
List the prime factors of 5620835075.
5, 19, 11833337
List the prime factors of 6331099521.
3, 211, 439, 22783
What are the prime factors of 229277496?
2, 3, 7, 1364747
List the prime factors of 187524607.
187524607
What are the prime factors of 68732120?
2, 5, 19, 90437
What are the prime factors of 24495956?
2, 83, 73783
What are the prime factors of 259794138?
2, 3, 43299023
List the prime factors of 240693420.
2, 3, 5, 11, 364687
What are the prime factors of 902322682?
2, 451161341
What are the prime factors of 92021321?
7, 23, 29, 19709
What are the prime factors of 503949227?
503949227
List the prime factors of 893050143.
3, 13781, 21601
What are the prime factors of 2477222113?
37, 1289, 51941
List the prime factors of 363127679.
137, 2650567
List the prime factors of 2322421159.
23, 100974833
What are the prime factors of 2902714147?
17, 149, 7691
List the prime factors of 212666112.
2, 3, 241, 383
List the prime factors of 15701394.
2, 3, 37, 107, 661
List the prime factors of 42804439.
42804439
List the prime factors of 1258267463.
23, 31, 107, 16493
List the prime factors of 1749476688.
2, 3, 36447431
List the prime factors of 18439962.
2, 3, 467, 6581
List the prime factors of 160489776.
2, 3, 307, 10891
List the prime factors of 972869856.
2, 3, 7, 167, 8669
List the prime factors of 45430520.
2, 5, 19, 23, 113
What are the prime factors of 2158715445?
3, 5, 229, 628447
List the prime factors of 49489849.
59, 61, 13751
List the prime factors of 4346958495.
3, 5, 11, 191, 137933
List the prime factors of 731454523.
743, 984461
What are the prime factors of 67678494?
2, 3, 13, 19, 45667
What are the prime factors of 33435758?
2, 16717879
What are the prime factors of 340997085?
3, 5, 11, 13, 19, 2789
List the prime factors of 504941769.
3, 17, 366697
What are the prime factors of 21325441?
21325441
What are the prime factors of 7082269138?
2, 7, 283, 881, 2029
List the prime factors of 156929664.
2, 3, 19, 137, 157
What are the prime factors of 114697138?
2, 463, 123863
List the prime factors of 1699892284.
2, 359, 1183769
List the prime factors of 690934179.
3, 13, 17, 1042133
What are the prime factors of 63409712?
2, 23, 37, 4657
List the prime factors of 777375400.
2, 5, 263, 14779
What are the prime factors of 1265981876?
2, 677, 467497
List the prime factors of 2524470780.
2, 3, 5, 13, 37, 87473
What are the prime factors of 111447365?
5, 22289473
List the prime factors of 52149370.
2, 5, 7, 13, 17, 3371
What are the prime factors of 54924269?
19, 181, 15971
List the prime factors of 563907967.
7, 3299, 24419
What are the prime factors of 80606058?
2, 3, 13, 293, 3527
List the prime factors of 94286670.
2, 3, 5, 653, 4813
What are the prime factors of 72272968?
2, 9034121
What are the prime factors of 514239753?
3, 41, 107, 953
What are the prime factors of 49332861?
3, 17, 23, 4673
List the prime factors of 1543528024.
2, 8521, 22643
What are the prime factors of 791538613?
19, 41659927
What are the prime factors of 7121514327?
3, 2373838109
What are the prime factors of 775685885?
5, 13, 47, 253907
List the prime factors of 97003474.
2, 19, 1277, 1999
What are the prime factors of 341869058?
2, 170934529
List the prime factors of 1045869187.
11, 785777
What are the prime factors of 1231315985?
5, 1237, 199081
What are the prime factors of 2504687745?
3, 5, 7, 41, 581809
List the prime factors of 1936205562.
2, 3, 322700927
What are the prime factors of 1055456787?
3, 7, 11, 53, 86209
List the prime factors of 367564263.
3, 11, 11138311
List the prime factors of 149697905.
5, 7, 1291, 3313
What are the prime factors of 972693481?
37, 331, 79423
What are the prime factors of 1113677676?
2, 3, 30935491
What are the prime factors of 3033861750?
2, 3, 5, 47, 73, 131
List the prime factors of 518467935.
3, 5, 3313, 10433
What are the prime factors of 504807300?
2, 3, 5, 560897
What are the prime factors of 3099421?
13, 238417
What are the prime factors of 1696298425?
5, 67851937
List the prime factors of 11000126.
2, 19, 289477
What are the prime factors of 53460033?
3, 11, 1620001
What are the prime factors of 6399620085?
3, 5, 37, 443, 26029
List the prime factors of 4528738650.
2, 3, 5, 30191591
What are the prime factors of 1662659645?
5, 8599, 38671
List the prime factors of 27422898.
2, 3, 71, 64373
What are the prime factors of 1203818175?
3, 5, 7, 839, 911
What are the prime factors of 49648052?
2, 12412013
List the prime factors of 58262168.
2, 7282771
List the prime factors of 34852197.
3, 97, 229, 523
What are the prime factors of 1061493316?
2, 13, 971, 21023
List the prime factors of 53213914.
2, 13, 509, 4021
List the prime factors of 6176163045.
3, 5, 13, 31672631
What are the prime factors of 2556973270?
2, 5, 59, 4333853
List the prime factors of 68688769.
68688769
What are the prime factors of 118839894?
2, 3, 17, 41, 157, 181
List the prime factors of 126693772.
2, 37, 41, 20879
What are the prime factors of 201366573?
3, 137, 489943
List the prime factors of 9008165.
5, 331, 5443
List the prime factors of 3266163378.
2, 3, 83, 728729
What are the prime factors of 281175567?
3, 2731, 34319
List the prime factors of 49862701.
7, 149, 47807
List the prime factors of 58610643.
3, 7, 13, 214691
List the prime factors of 1408692865.
5, 281738573
What are the prime factors of 13369326?
2, 3, 2228221
What are the prime factors of 11861075?
5, 474443
List the prime factors of 243018193.
11, 41, 569, 947
List the prime factors of 611905239.
3, 11, 2060287
List the prime factors of 5254565.
5, 1050913
What are the prime factors of 13500588?
2, 3, 89, 12641
List the prime factors of 97006553.
7, 67, 397, 521
List the prime factors of 162822840.
2, 3, 5, 1356857
What are the prime factors of 58323527?
2791, 20897
List the prime factors of 2568631.
13, 15199
List the prime factors of 75278442.
2, 3, 449, 27943
List the prime factors of 413057335.
5, 199, 415133
List the prime factors of 15902750.
2, 5, 63611
List the prime factors of 85125101.
31, 2745971
List the prime factors of 115790351.
19, 6094229
What are the prime factors of 30812892?
2, 3, 11, 21221
What are the prime factors of 492813068?
2, 11, 17, 658841
What are the prime factors of 833825333?
11, 17, 4458959
List the prime factors of 106378674.
2, 3, 89, 199211
What are the prime factors of 4693189538?
2, 29, 53, 557, 2741
List the prime factors of 119835900.
2, 3, 5, 47, 2833
List the prime factors of 81136477.
81136477
What are the prime factors of 392145580?
2, 5, 2083, 9413
What are the prime factors of 26370371?
26370371
List the prime factors of 26074865.
5, 83, 757
What are the prime factors of 46257202?
2, 67, 109, 3167
List the prime factors of 121135694.
2, 197, 307451
What are the prime factors of 2424996351?
3, 9067, 29717
List the prime factors of 53052762.
2, 3, 7, 71, 17791
List the prime factors of 644315444.
2, 161078861
List the prime factors of 2824829199.
3, 19, 59, 279991
What are the prime factors of 105800093?
7, 15114299
What are the prime factors of 971075072?
2, 11, 172421
What are the prime factors of 1537520763?
3, 1151, 445271
What are the prime factors of 254032881?
3, 937, 90371
List the prime factors of 2235108.
2, 3, 186259
What are the prime factors of 135125005?
5, 27025001
List the prime factors of 46692558.
2, 3, 11, 78607
What are the prime factors of 6703297993?
7, 41, 43, 281, 1933
List the prime factors of 1405444051.
11, 127767641
What are the prime factors of 50587321?
73, 577, 1201
List the prime factors of 801051074.
2, 151, 2652487
List the prime factors of 1485049517.
7, 30307133
List the prime factors of 117027704.
2, 14628463
What are the prime factors of 9849915?
3, 5, 218887
What are the prime factors of 33460944?
2, 3, 11, 127, 499
List the prime factors of 143915164.
2, 35978791
What are the prime factors of 240354166?
2, 13, 97, 7331
What are the prime factors of 2730185189?
233, 907, 12919
List the prime factors of 151045416.
2, 3, 23, 197, 463
List the prime factors of 122794867.
13, 743, 12713
List the prime factors of 865519868